{"id":781,"date":"2017-02-03T14:21:08","date_gmt":"2017-02-03T12:21:08","guid":{"rendered":"http:\/\/www.adfinca.net\/es\/?page_id=781"},"modified":"2021-07-01T10:34:36","modified_gmt":"2021-07-01T08:34:36","slug":"%ef%bb%bf%ef%bb%bfpolitica-proteccion-de-datos","status":"publish","type":"page","link":"http:\/\/www.adfinca.net\/es\/%ef%bb%bf%ef%bb%bfpolitica-proteccion-de-datos\/","title":{"rendered":"\ufeff\ufeffPOL\u00cdTICA PROTECCI\u00d3N DE DATOS"},"content":{"rendered":"<p>De acuerdo con lo establecido por la Ley Org\u00e1nica 15\/1999 de 13 de diciembre, de Protecci\u00f3n de Datos de Car\u00e1cter Personal, le informamos que sus datos ser\u00e1n incluidos en un fichero del que es titular ADFINCA OPTIMUS, S.L. y podr\u00e1n ser utilizados con las siguientes finalidades en cada caso concreto:<br \/>\n&#8211; El env\u00edo de sus datos de car\u00e1cter personal a trav\u00e9s de esta p\u00e1gina web, con motivo de realizar una solicitud de informaci\u00f3n\/presupuesto supone el consentimiento por su parte para la inclusi\u00f3n y tratamiento de sus datos en un fichero registrado por esta empresa ante la AGPD. Los datos obtenidos ser\u00e1n utilizados para atender la solicitud realizada por usted mismo.<br \/>\n&#8211; Facilitar el acceso a los contenidos ofrecidos a trav\u00e9s de la p\u00e1gina web.<br \/>\n&#8211; El estudio de la utilizaci\u00f3n de los servicios por parte de los usuarios y visitantes.<br \/>\n&#8211; ADFINCA OPTIMUS, S.L., no ceder\u00e1 informaci\u00f3n a terceros sin consentimiento previo de los usuarios, excepto en los supuestos regulados en los art\u00edculos 11 y 12 de la LOPD: cuando la cesi\u00f3n est\u00e1 autorizada en una Ley; cuando se trate de datos recogidos de fuentes accesibles al p\u00fablico; cuando la cesi\u00f3n que deba efectuarse tenga por destinatario al Defensor del Pueblo, el Ministerio Fiscal o los Jueces o Tribunales o el Tribunal de Cuentas, en el ejercicio de las funciones que tiene atribuidas; cuando la cesi\u00f3n tenga como destinatario a instituciones auton\u00f3micas con funciones an\u00e1logas al Defensor del Pueblo o al Tribunal de Cuentas; si la comunicaci\u00f3n se efect\u00faa previo procedimiento de disociaci\u00f3n.<br \/>\nEn el supuesto de que se solicitase al usuario datos de car\u00e1cter personal por medios distintos de los anteriormente expuestos, ADFINCA OPTIMUS, S.L.\u00a0 les comunicar\u00e1 de forma expresa e inequ\u00edvoca respecto de las condiciones en que se recojan datos personales y las finalidades con las que van a ser utilizados, de la obligaci\u00f3n de facilitarlos o no, de los derechos que asisten al usuario, de las condiciones en que se pueden ejercitar, de los destinatarios de la informaci\u00f3n, del responsable del fichero y de cualquier otra informaci\u00f3n complementaria que resulte necesaria.<br \/>\nPodr\u00e1 ejercer su derecho de acceso, rectificaci\u00f3n, cancelaci\u00f3n y oposici\u00f3n al tratamiento de sus datos personales, en los t\u00e9rminos y en las condiciones previstos en la LOPD, dirigi\u00e9ndose por escrito a ADFINCA OPTIMUS, S.L. con domicilio en CALLE PABLO IGLESIAS, 7 4\u00baA &#8211; 39300 TORRELAVEGA (CANTABRIA).<br \/>\nEl hecho de que no introduzca los datos de car\u00e1cter personal que se le piden obligatoriamente en el formulario de contacto podr\u00e1 tener como consecuencia que ADFINCA OPTIMUS, S.L.\u00a0 no pueda atender su solicitud.<\/p>\n<p>As\u00ed mismo, aceptando este aviso legal, reconoce que la informaci\u00f3n y los datos personales que se recogen son exactos y ver\u00eddicos.<br \/>\nIgualmente le informamos que ADMINISTRACION DE FINCAS DE CANTABRIA, SC tiene implantadas las medidas t\u00e9cnicas y organizativas necesarias para garantizar la seguridad de sus datos de car\u00e1cter personal y evitar su alteraci\u00f3n, la p\u00e9rdida y el tratamiento y\/o el acceso no autorizado, teniendo en cuenta el estado de la tecnolog\u00eda, la naturaleza de los datos almacenados y los riesgos provenientes de la acci\u00f3n humana o del medio f\u00edsico y natural a que est\u00e1n expuestas. Todo esto, de acuerdo con lo que prev\u00e9 el art\u00edculo 9 de la Ley Org\u00e1nica 15\/1999 de Protecci\u00f3n de Datos de Car\u00e1cter personal y el Real Decreto 1720\/2007, de 21 de diciembre de desarrollo de la citada Ley.<br \/>\nADMINISTRACION DE FINCAS DE CANTABRIA, SC se compromete a tratar de manera absolutamente confidencial sus datos de car\u00e1cter personal y hacerlos servir s\u00f3lo para las finalidades indicadas.<br \/>\nPARA CONTINUAR DEBE VD. ACEPTAR QUE HA LE\u00cdDO Y EST\u00c1 CONFORME CON ESTA CL\u00c1USULA.<\/p>\n","protected":false},"excerpt":{"rendered":"<p>De acuerdo con lo establecido por la Ley Org\u00e1nica 15\/1999 de 13 de diciembre, de Protecci\u00f3n de Datos de Car\u00e1cter Personal, le informamos que sus datos ser\u00e1n incluidos en un fichero del que es titular ADFINCA OPTIMUS, S.L. y podr\u00e1n ser utilizados con las siguientes finalidades en cada caso concreto: &#8211; El env\u00edo de sus&nbsp;<a href=\"http:\/\/www.adfinca.net\/es\/%ef%bb%bf%ef%bb%bfpolitica-proteccion-de-datos\/\" class=\"read-more\">Continue Reading<\/a><\/p>\n","protected":false},"author":1,"featured_media":0,"parent":0,"menu_order":0,"comment_status":"closed","ping_status":"closed","template":"","meta":[],"_links":{"self":[{"href":"http:\/\/www.adfinca.net\/es\/wp-json\/wp\/v2\/pages\/781"}],"collection":[{"href":"http:\/\/www.adfinca.net\/es\/wp-json\/wp\/v2\/pages"}],"about":[{"href":"http:\/\/www.adfinca.net\/es\/wp-json\/wp\/v2\/types\/page"}],"author":[{"embeddable":true,"href":"http:\/\/www.adfinca.net\/es\/wp-json\/wp\/v2\/users\/1"}],"replies":[{"embeddable":true,"href":"http:\/\/www.adfinca.net\/es\/wp-json\/wp\/v2\/comments?post=781"}],"version-history":[{"count":2,"href":"http:\/\/www.adfinca.net\/es\/wp-json\/wp\/v2\/pages\/781\/revisions"}],"predecessor-version":[{"id":796,"href":"http:\/\/www.adfinca.net\/es\/wp-json\/wp\/v2\/pages\/781\/revisions\/796"}],"wp:attachment":[{"href":"http:\/\/www.adfinca.net\/es\/wp-json\/wp\/v2\/media?parent=781"}],"curies":[{"name":"wp","href":"https:\/\/api.w.org\/{rel}","templated":true}]}}

﻿﻿POLÍTICA PROTECCIÓN DE DATOS

<p>De acuerdo con lo establecido por la Ley Orgánica 15/1999 de 13 de diciembre, de Protección de Datos de Carácter Personal, le informamos que sus datos serán incluidos en un fichero del que es titular ADFINCA OPTIMUS, S.L. y podrán ser utilizados con las siguientes finalidades en cada caso concreto:<br />
&#8211; El envío de sus datos de carácter personal a través de esta página web, con motivo de realizar una solicitud de información/presupuesto supone el consentimiento por su parte para la inclusión y tratamiento de sus datos en un fichero registrado por esta empresa ante la AGPD. Los datos obtenidos serán utilizados para atender la solicitud realizada por usted mismo.<br />
&#8211; Facilitar el acceso a los contenidos ofrecidos a través de la página web.<br />
&#8211; El estudio de la utilización de los servicios por parte de los usuarios y visitantes.<br />
&#8211; ADFINCA OPTIMUS, S.L., no cederá información a terceros sin consentimiento previo de los usuarios, excepto en los supuestos regulados en los artículos 11 y 12 de la LOPD: cuando la cesión está autorizada en una Ley; cuando se trate de datos recogidos de fuentes accesibles al público; cuando la cesión que deba efectuarse tenga por destinatario al Defensor del Pueblo, el Ministerio Fiscal o los Jueces o Tribunales o el Tribunal de Cuentas, en el ejercicio de las funciones que tiene atribuidas; cuando la cesión tenga como destinatario a instituciones autonómicas con funciones análogas al Defensor del Pueblo o al Tribunal de Cuentas; si la comunicación se efectúa previo procedimiento de disociación.<br />
En el supuesto de que se solicitase al usuario datos de carácter personal por medios distintos de los anteriormente expuestos, ADFINCA OPTIMUS, S.L.  les comunicará de forma expresa e inequívoca respecto de las condiciones en que se recojan datos personales y las finalidades con las que van a ser utilizados, de la obligación de facilitarlos o no, de los derechos que asisten al usuario, de las condiciones en que se pueden ejercitar, de los destinatarios de la información, del responsable del fichero y de cualquier otra información complementaria que resulte necesaria.<br />
Podrá ejercer su derecho de acceso, rectificación, cancelación y oposición al tratamiento de sus datos personales, en los términos y en las condiciones previstos en la LOPD, dirigiéndose por escrito a ADFINCA OPTIMUS, S.L. con domicilio en CALLE PABLO IGLESIAS, 7 4ºA &#8211; 39300 TORRELAVEGA (CANTABRIA).<br />
El hecho de que no introduzca los datos de carácter personal que se le piden obligatoriamente en el formulario de contacto podrá tener como consecuencia que ADFINCA OPTIMUS, S.L.  no pueda atender su solicitud.</p>
<p>Así mismo, aceptando este aviso legal, reconoce que la información y los datos personales que se recogen son exactos y verídicos.<br />
Igualmente le informamos que ADMINISTRACION DE FINCAS DE CANTABRIA, SC tiene implantadas las medidas técnicas y organizativas necesarias para garantizar la seguridad de sus datos de carácter personal y evitar su alteración, la pérdida y el tratamiento y/o el acceso no autorizado, teniendo en cuenta el estado de la tecnología, la naturaleza de los datos almacenados y los riesgos provenientes de la acción humana o del medio físico y natural a que están expuestas. Todo esto, de acuerdo con lo que prevé el artículo 9 de la Ley Orgánica 15/1999 de Protección de Datos de Carácter personal y el Real Decreto 1720/2007, de 21 de diciembre de desarrollo de la citada Ley.<br />
ADMINISTRACION DE FINCAS DE CANTABRIA, SC se compromete a tratar de manera absolutamente confidencial sus datos de carácter personal y hacerlos servir sólo para las finalidades indicadas.<br />
PARA CONTINUAR DEBE VD. ACEPTAR QUE HA LEÍDO Y ESTÁ CONFORME CON ESTA CLÁUSULA.</p>

<p>De acuerdo con lo establecido por la Ley Orgánica 15/1999 de 13 de diciembre, de Protección de Datos de Carácter Personal, le informamos que sus datos serán incluidos en un fichero del que es titular ADFINCA OPTIMUS, S.L. y podrán ser utilizados con las siguientes finalidades en cada caso concreto: &#8211; El envío de sus&nbsp;<a href="http://www.adfinca.net/es/%ef%bb%bf%ef%bb%bfpolitica-proteccion-de-datos/" class="read-more">Continue Reading</a></p>
